Does 1970 divide 35105770?
False
Does 2082 divide 16928742?
True
Does 68 divide 23513176?
True
Does 9 divide 32498622?
True
Is 20932650 a multiple of 15?
True
Is 9 a factor of 2772449030?
False
Is 1096 a factor of 506847392?
True
Does 38 divide 8627049?
False
Does 410 divide 31423630?
True
Does 9 divide 286264970?
False
Is 42 a factor of 178723944?
True
Does 24 divide 41661168?
True
Does 3384 divide 49243703?
False
Does 14 divide 29751176?
True
Is 5 a factor of 20750330?
True
Does 68 divide 14377512?
True
Is 20345529 a multiple of 408?
False
Does 3 divide 225298136?
False
Is 7624094 a multiple of 1100?
False
Does 1070 divide 302387154?
False
Is 29 a factor of 184685813?
False
Is 37359714 a multiple of 518?
True
Is 156 a factor of 433143204?
True
Is 2086 a factor of 2801223880?
False
Is 958629120 a multiple of 960?
True
Is 1575 a factor of 325089450?
True
Is 1575932834 a multiple of 826?
True
Is 19902706 a multiple of 30?
False
Does 17 divide 223576129?
True
Is 35 a factor of 28111370?
True
Is 9593811 a multiple of 115?
False
Does 9 divide 19787003?
False
Does 359 divide 53086407?
True
Is 158736434 a multiple of 15?
False
Is 3031185 a multiple of 13?
False
Is 8127504 a multiple of 112?
True
Is 74329453 a multiple of 8?
False
Does 102 divide 53066826?
True
Does 1179 divide 96140376?
True
Is 6 a factor of 23398446?
True
Is 21361410 a multiple of 30?
True
Is 165 a factor of 72944948?
False
Does 14 divide 32759468?
True
Is 1048740 a multiple of 21?
True
Does 990 divide 152293680?
True
Is 770552744 a multiple of 5094?
False
Does 3 divide 104277586?
False
Does 1339 divide 63241044?
False
Does 85 divide 26996000?
True
Is 18 a factor of 7800372?
True
Does 30 divide 146497230?
True
Does 589 divide 1369826568?
False
Does 23 divide 703385402?
True
Is 38 a factor of 530300057?
False
Is 1728 a factor of 39666575?
False
Does 1431 divide 1527988887?
True
Does 651 divide 390885020?
False
Is 121639612 even?
True
Is 65714967 a multiple of 1308?
False
Does 13 divide 347406098?
True
Is 457883 a multiple of 14?
False
Is 29281613 a multiple of 167?
True
Does 18 divide 149438585?
False
Is 460748872 a multiple of 2379?
False
Does 10 divide 301437973?
False
Is 23161113 a multiple of 321?
True
Is 2399 a factor of 168939979?
True
Does 1075 divide 81423725?
True
Is 1207937540 a multiple of 5?
True
Is 1081 a factor of 586265216?
True
Is 60 a factor of 8162700?
True
Does 19 divide 12879777?
True
Is 3042 a factor of 923365638?
True
Does 8 divide 95398064?
True
Does 12 divide 5978664?
True
Does 9 divide 899946?
True
Is 48 a factor of 84892987?
False
Does 2228 divide 29255590?
False
Is 152 a factor of 1185857654?
False
Does 432 divide 457081985?
False
Does 390 divide 106513406?
False
Does 41 divide 614994586?
False
Is 590006010 a multiple of 110?
True
Does 7 divide 23090824?
False
Is 239426484 a multiple of 2598?
True
Does 31 divide 20904168?
True
Is 178342205 a multiple of 407?
False
Is 2266761912 a multiple of 7764?
True
Is 34176682 a multiple of 766?
False
Is 124421722 a multiple of 751?
False
Is 98262339 a multiple of 11?
False
Is 54186300 a multiple of 27?
True
Is 1193099539 a multiple of 27?
False
Is 2070839904 a multiple of 42?
True
Does 12 divide 215053731?
False
Is 4 a factor of 31771652?
True
Is 1043 a factor of 160031662?
True
Is 692 a factor of 323366601?
False
Does 26 divide 1514920576?
True
Is 43973590 a multiple of 25?
False
Does 7 divide 596216635?
True
Is 1913456107 a multiple of 76?
False
Does 2474 divide 11996426?
True
Is 65486105 a multiple of 155?
True
Is 571008175 a multiple of 25?
True
Does 651 divide 112136703?
True
Does 199 divide 81000363?
True
Is 20 a factor of 142287809?
False
Is 531 a factor of 39443742?
True
Is 122 a factor of 363630519?
False
Is 596 a factor of 376427337?
False
Is 5168 a factor of 223423191?
False
Is 21130676 a multiple of 14?
True
Is 34324659 a multiple of 1265?
False
Is 617 a factor of 1241887728?
True
Does 119 divide 127205984?
False
Is 529165525 a multiple of 84?
False
Is 53 a factor of 320917981?
False
Is 248 a factor of 1765632032?
True
Is 18 a factor of 1236438?
True
Is 101 a factor of 405686278?
False
Is 19 a factor of 1566013269?
True
Is 25 a factor of 132433325?
True
Does 3 divide 154140249?
True
Does 2714 divide 1302231480?
True
Is 21 a factor of 52456198?
False
Is 1343859419 a multiple of 287?
True
Does 1256 divide 167792359?
False
Is 67 a factor of 59251383?
True
Is 8699796 a multiple of 207?
True
Is 30 a factor of 14864444?
False
Does 64 divide 110889536?
True
Is 4798722422 a multiple of 38?
True
Does 13 divide 71553690?
True
Is 80 a factor of 143991284?
False
Does 10 divide 650683100?
True
Is 1613056125 a multiple of 125?
True
Is 1210 a factor of 13607768?
False
Is 18 a factor of 547229711?
False
Is 121931040 a multiple of 2640?
True
Is 6 a factor of 2060898?
True
Is 45 a factor of 15307488?
False
Does 335 divide 144494545?
True
Does 71 divide 321824656?
False
Is 56346300 a multiple of 225?
True
Is 1846 a factor of 356130760?
False
Is 12 a factor of 138384890?
False
Does 42 divide 67292820?
True
Does 72 divide 31196592?
True
Does 106 divide 196201626?
False
Is 11 a factor of 82798870?
True
Is 6567484 a multiple of 14?
True
Is 6 a factor of 890478?
True
Is 741340447 a multiple of 22?
False
Is 142019904 a multiple of 17?
True
Is 1520 a factor of 33440659?
False
Does 130 divide 262241460?
True
Is 31635105 a multiple of 687?
False
Does 21 divide 148916733?
True
Is 130 a factor of 30798066?
False
Is 11 a factor of 29697195?
True
Is 249195105 a multiple of 1335?
True
Is 4275740 a multiple of 7?
True
Does 3292 divide 52530444?
True
Is 401744134 a multiple of 53?
True
Does 136 divide 38675375?
False
Does 4353 divide 27497901?
True
Is 186432798 a multiple of 564?
False
Does 954 divide 27641196?
True
Does 7 divide 1121603784?
True
Is 2416 a factor of 774895760?
True
Is 513542337 a multiple of 231?
True
Is 1627 a factor of 235196015?
False
Is 19290292 a multiple of 28?
True
Is 2248840125 a multiple of 7?
True
Does 63 divide 2357082?
True
Does 25 divide 6849300?
True
Is 98336016 a multiple of 12?
True
Is 40 a factor of 183994434?
False
Does 2224 divide 14192208?
False
Is 6 a factor of 498106937?
False
Is 10 a factor of 46941027?
False
Does 631 divide 394767482?
True
Does 175 divide 124242650?
True
Is 294 a factor of 136881109?
False
Is 52574337 a multiple of 299?
False
Does 11 divide 2641050773?
False
Does 78 divide 523697666?
False
Is 324277707 a multiple of 11?
False
Does 15 divide 2440845?
True
Does 55 divide 2820064381?
False
Is 1018 a factor of 1296488152?
True
Does 429 divide 32161578?
False
Is 11082764 a multiple of 17?
False
Is 1429 a factor of 316935052?
True
Is 37560796 a multiple of 19?
True
Does 476 divide 27895504?
True
Is 1555931409 a multiple of 463?
True
Is 491 a factor of 48924222?
True
Does 365 divide 117017876?
False
Is 80968793 a multiple of 108?
False
Does 13 divide 43527698?
False
Is 107424282 a multiple of 5?
False
Is 6946 a factor of 450996859?
False
Is 516 a factor of 119988576?
True
Is 2034799145 a multiple of 182?
False
Does 122 divide 236997688?
True
Is 875 a factor of 39175500?
True
Is 323 a factor of 26512013?
False
Is 22167912 a multiple of 313?
True
Is 4 a factor of 205673089?
False
Is 14 a factor of 348649944?
False
Is 458 a factor of 50519232?
True
Does 1147 divide 325377519?
True
Does 7 divide 231467420?
False
Is 47 a factor of 304033412?
True
Is 2263560885 a multiple of 3858?
False
Is 673921225 a multiple of 9?
False
Is 3 a factor of 171002?
False
Is 940080 a multiple of 25?
False
Is 7210917 a multiple of 392?
False
Is 34866025 a multiple of 4114?
False
Is 101725761 a multiple of 11?
False
Is 1319 a factor of 516978093?
True
Is 88 a factor of 569666837?
False
Is 53 a factor of 70184712?
False
Is 710513616 a multiple of 24?
True
Does 28 divide 765314228?
True
Does 94 divide 527683173?
False
Is 7232256 a multiple of 24?
True
Is 20 a factor of 107611980?
True
Does 5 divide 171275199?
False
Does 28 divide 21521977?
False
Is 714 a factor of 4010538?
True
Is 1958951680 a multiple of 2177?
True
Is 132 a factor of 770350812?
True
Is 1060891504 a multiple of 8?
True
Does 8 divide 133183678?
False
Is 9 a factor of 528809550?
False
Does 347 divide 20567227?
False
Is 1729 a factor of 1820114842?
Tr